
10
Calculate the remainder when 99594 is divided by 14220.
54
What is the remainder when 5799333 is divided by 80546?
21
Calculate the remainder when 1367519 is divided by 11589.
17
Calculate the remainder when 4737396 is divided by 74.
64
Calculate the remainder when 43615 is divided by 64.
31
What is the remainder when 301811 is divided by 146687?
8437
Calculate the remainder when 759136 is divided by 759053.
83
What is the remainder when 3355419 is divided by 1035?
984
Calculate the remainder when 6208584 is divided by 21.
18
Calculate the remainder when 10412 is divided by 1309.
1249
Calculate the remainder when 1836359 is divided by 42.
35
What is the remainder when 81399 is divided by 511?
150
What is the remainder when 74849 is divided by 9259?
777
Calculate the remainder when 339360 is divided by 67869.
15
What is the remainder when 278494 is divided by 44387?
12172
What is the remainder when 117794581 is divided by 10708598?
3
What is the remainder when 13346546 is divided by 38797?
378
Calculate the remainder when 10760518 is divided by 288.
262
Calculate the remainder when 927825 is divided by 132529.
122
Calculate the remainder when 16188770 is divided by 94671.
29
What is the remainder when 2158887 is divided by 102725?
1662
Calculate the remainder when 202006 is divided by 9618.
28
Calculate the remainder when 216879 is divided by 24097.
6
What is the remainder when 5483793 is divided by 25155?
3
Calculate the remainder when 665017 is divided by 94991.
80
What is the remainder when 73872878 is divided by 1033?
982
Calculate the remainder when 426343 is divided by 114.
97
Calculate the remainder when 167903022 is divided by 15.
12
Calculate the remainder when 4773521 is divided by 41151.
5
Calculate the remainder when 4436438 is divided by 15.
8
What is the remainder when 105918 is divided by 129?
9
Calculate the remainder when 317008746 is divided by 74.
72
What is the remainder when 89063374 is divided by 107?
105
What is the remainder when 66212922 is divided by 15?
12
What is the remainder when 247135 is divided by 67?
39
Calculate the remainder when 1331228 is divided by 1331203.
25
Calculate the remainder when 29409748 is divided by 426.
412
Calculate the remainder when 43039487 is divided by 1022.
1
Calculate the remainder when 84367 is divided by 224.
143
Calculate the remainder when 751781 is divided by 120.
101
What is the remainder when 725565 is divided by 389?
80
What is the remainder when 4403534 is divided by 1467839?
17
What is the remainder when 240145 is divided by 379?
238
What is the remainder when 71119 is divided by 23572?
403
What is the remainder when 4868929 is divided by 452?
437
Calculate the remainder when 3008882 is divided by 21.
2
What is the remainder when 24302301 is divided by 72?
69
Calculate the remainder when 4634324 is divided by 30093.
2
Calculate the remainder when 276400 is divided by 71.
68
Calculate the remainder when 2570390 is divided by 49.
46
Calculate the remainder when 1925936 is divided by 108.
80
What is the remainder when 4602551 is divided by 23?
21
Calculate the remainder when 294733 is divided by 42070.
243
Calculate the remainder when 4506 is divided by 443.
76
What is the remainder when 1709842 is divided by 473?
420
Calculate the remainder when 11909757 is divided by 3969918.
3
What is the remainder when 176828 is divided by 58898?
134
What is the remainder when 255179 is divided by 1437?
830
What is the remainder when 5554253 is divided by 1398?
1397
What is the remainder when 410536 is divided by 3310?
96
What is the remainder when 50570094 is divided by 4140?
4134
Calculate the remainder when 49475839 is divided by 839.
9
What is the remainder when 149805 is divided by 124?
13
Calculate the remainder when 98714 is divided by 1374.
1160
Calculate the remainder when 187896556 is divided by 17081504.
12
Calculate the remainder when 39213 is divided by 5586.
111
Calculate the remainder when 4123 is divided by 1733.
657
Calculate the remainder when 5363700 is divided by 484.
12
What is the remainder when 17686099 is divided by 1444?
1431
Calculate the remainder when 9582012 is divided by 106.
36
Calculate the remainder when 358057 is divided by 34.
3
Calculate the remainder when 308199678 is divided by 2661.
2658
What is the remainder when 156164 is divided by 1578?
1520
What is the remainder when 5722173 is divided by 653?
587
What is the remainder when 5151308 is divided by 78049?
74
Calculate the remainder when 212350 is divided by 4630.
4000
What is the remainder when 5279233 is divided by 31424?
1
Calculate the remainder when 1299332 is divided by 1960.
1812
What is the remainder when 6621278 is divided by 5?
3
Calculate the remainder when 487904 is divided by 10841.
59
What is the remainder when 985020 is divided by 75?
45
Calculate the remainder when 90523 is divided by 9016.
363
Calculate the remainder when 10239726 is divided by 317.
309
What is the remainder when 30201 is divided by 5016?
105
Calculate the remainder when 19343 is divided by 5805.
1928
Calculate the remainder when 2245789076 is divided by 411.
410
Calculate the remainder when 9864 is divided by 833.
701
What is the remainder when 900679 is divided by 2364?
2359
Calculate the remainder when 16307205 is divided by 4076797.
17
What is the remainder when 136191 is divided by 127?
47
What is the remainder when 591696 is divided by 147892?
128
Calculate the remainder when 63290131 is divided by 4041.
4030
What is the remainder when 275878 is divided by 642?
460
Calculate the remainder when 3144853 is divided by 1077.
13
Calculate the remainder when 9107 is divided by 8823.
284
Calculate the remainder when 1003444 is divided by 1496.
1124
What is the remainder when 5817027 is divided by 14801?
234
Calculate the remainder when 1226717 is divided by 197.
195
What is the remainder when 696061 is divided by 4525?
3736
Calculate the remainder when 93857 is divided by 93592.
265
Calculate the remainder when 18958607 is divided by 9479299.
9
Calculate the remainder when 176149 is divided by 476.
29
Calculate the remainder when 589900 is divided by 196490.
430
What is the remainder when 10930597 is divided by 20?
17
Calculate the remainder when 97575239 is divided by 136.
135
Calculate the remainder when 53881 is divided by 826.
191
Calculate the remainder when 287645985 is divided by 183.
180
What is the remainder when 44342280 is divided by 12122?
4
What is the remainder when 7061 is divided by 3106?
849
What is the remainder when 3651245 is divided by 517?
191
Calculate the remainder when 27496 is divided by 686.
56
Calculate the remainder when 10460173 is divided by 2092032.
13
Calculate the remainder when 8300004 is divided by 137.
133
Calculate the remainder when 59954 is divided by 29954.
46
What is the remainder when 11586475 is divided by 23?
18
What is the remainder when 123628 is divided by 40990?
658
Calculate the remainder when 27147677 is divided by 28.
25
What is the remainder when 160517 is divided by 40129?
1
Calculate the remainder when 61557531 is divided by 61.
52
What is the remainder when 2197053 is divided by 56?
5
Calculate the remainder when 876744 is divided by 292242.
18
Calculate the remainder when 3490866 is divided by 6347.
16
Calculate the remainder when 1556518 is divided by 389129.
2
What is the remainder when 3863285 is divided by 105?
20
What is the remainder when 13364173 is divided by 75?
73
What is the remainder when 104179970 is divided by 393?
386
What is the remainder when 29686709 is divided by 54?
47
Calculate the remainder when 5586196 is divided by 9.
4
Calculate the remainder when 23911677 is divided by 52.
49
Calculate the remainder when 2438994 is divided by 26225.
69
What is the remainder when 18127 is divided by 1644?
43
Calculate the remainder when 145707727 is divided by 7.
4
What is the remainder when 2592262 is divided by 307?
261
What is the remainder when 85051 is divided by 9357?
838
What is the remainder when 654088 is divided by 43596?
148
Calculate the remainder when 75070260 is divided by 843486.
6
Calculate the remainder when 172779299 is divided by 180.
179
What is the remainder when 956562 is divided by 1993?
1915
What is the remainder when 39866